 314?
-4
6 + (-18 + 25 - (10 + 3))
0
Evaluate -30 - (-15 - 39 - -17).
7
What is the value of (11 - 2) + 273 + -301?
-19
15 - ((20 - 18) + 2)
11
What is the value of 1 + -3 + -6 - (-40 + 31)?
1
What is (4 + 7 - -26) + (-4 - (1 + 1))?
31
What is the value of 69 + -52 + (4 - (3 + 18))?
0
(1 + -7 - -10) + 3 + -1 + -9
-3
What is -24 + 46 - (19 + -1)?
4
What is the value of (9 - 4 - -8) + -10 - 9?
-6
-110 - -123 - (19 - 1)
-5
Calculate -4 + -27 + 62 - 21.
10
What is (6 - (6 - (-9 + 1 + 12))) + -36?
-32
What is ((-29 - -70) + -35 - (0 - -8)) + -13?
-15
What is the value of 11 - (-5 - (4 - (12 - 4)) - -8)?
4
Evaluate 8 - (3 + -5 - -41 - (-57 + 61)).
-27
What is -1 + -9 - (-71 + 67)?
-6
What is -10 - (-5 + 12 + -2)?
-15
36 - 30 - (16 - 0)
-10
Calculate 2 + 5 + 2 + -7 - (12 + 0).
-10
What is (12 - (22 - -35)) + 33?
-12
Calculate 1 - 22 - (360 - 394).
13
1 + (1 - (7 + -6)) - 5
-4
Calculate (-3 - (-3 - 9)) + 7 + -41.
-25
Calculate -24 - (-4 + (-12 - -1)).
-9
Calculate -4 + -1 + (-12 - -25 - 21).
-13
What is 90 + -57 + (0 - -11) - 12?
32
What is the value of -19 + (20 - 10) - (-1 + (2 - 13))?
3
What is the value of -24 + 40 - (-4 - (2 + -3 - -3))?
22
Calculate 0 + 2 + (-18 + 4 - -4) - 6.
-14
What is 3 + (76 - 74 - (1 - -8) - 6)?
-10
What is the value of (2 - -29) + (63 - 89)?
5
What is the value of 0 - -2 - (8 + 2)?
-8
Evaluate -19 + (-43 + 23 - -43).
4
What is the value of 4 + (-1 - -7 - (-21 - -25)) + 13?
19
What is 0 - ((-1 - -5 - -2) + 6)?
-12
3 - (3 + 5 + 4) - -5
-4
-3 + (8 - 2) + -4
-1
What is the value of -11 + -5 - 1 - (1 - 12)?
-6
Calculate -6 + 9 + (-8 - -14).
9
Evaluate 13 + -4 + (6 - (3 + (-4 - -8))).
8
Calculate -5 + 2 + 3 + (-2 - -10).
8
Calculate 0 + -7 - (-21 - ((11 - 21) + 3)).
7
What is -1 - 0 - (-241 + 275)?
-35
What is the value of 8 - 2 - (108 - 90)?
-12
Calculate (-21 - -13 - (0 - -6)) + 4.
-10
Evaluate (-133 - -139) + (-1 - 0) + -1 - -12.
16
What is the value of 0 + -9 - ((-1 - (-3 + 9)) + 8)?
-10
What is the value of 555 - 559 - (-3 - (-2 + -6 - -3))?
-6
(-12 - -9) + -4 + -3 + 4
-6
3 + -1 + 12 - 16
-2
Calculate 24 + 2 + (-6 - 7).
13
What is (10 - (-8 - (3 + -13)) - 3) + -3?
2
What is 7 + -9 + -7 - -14?
5
Evaluate (0 - (-11 + 2)) + -27 + 22.
4
Calculate -11 + (4 - (15 - (12 + -6))).
-16
What is the value of (-332 - -344) + 0 + 1?
13
Calculate 0 - (2 + -9) - (-47 + 15 + 13).
26
(41 - 35) + 5 + (4 - 11)
4
What is the value of 2 + -2 + 7 + -10 + 7 + 6?
10
Evaluate (-27 - -29) + (3 - 0).
5
What is 602 - 634 - (0 + -16)?
-16
What is the value of -16 - 0 - (81 + -29 + -86)?
18
What is 29 - (-20 + (-8 - -44))?
13
What is -23 + (6 - (-7 - 12))?
2
Calculate 0 - (13 + 23 + 3 + -21).
-18
-6 + 0 - (-338 - -315)
17
What is 17 - ((-18 - -41) + -3)?
-3
Evaluate -7 - (-5 + (-11 + 5 - 5)).
9
Evaluate -1512 - -1492 - (0 + -3).
-17
What is 1 + -9 + (-6 - -20)?
6
Calculate 7 + -8 + 14 + -18 - (-1 - 21).
17
(-16 - (4 + -11)) + 19
10
What is -72 + 70 + (9 - (-3 - -2) - 0)?
8
Evaluate (16 - 13) + -23 + 25.
5
(0 + 0 + (-9 - 17) - 0) + 8
-18
What is -7 + 6 + -10 + 7 + 38 + -8?
26
Evaluate (-3 - 0) + (-3 + 2 - (-22 + 17)).
1
2 - (-3 - -4) - (17 - 9 - 3)
-4
(-25 - -4) + -28 + (37 - 18)
-30
Evaluate 2 + (3 - 2) + (19 - 27) - 3.
-8
What is -1 + (1 - -1) + 18 + -15 + -6?
-2
What is -22 - (37 + -52 - 3)?
-4
(10 - 18 - -2) + -38 + 44
0
Evaluate 2 + -4 + 25 - (-16 + (2 - -6)).
31
(-4 + 6 + -1 - 3) + 131 + -137
-8
What is (-2 - -1 - -1) + -4 + (-19 - -3)?
-20
Calculate (4 - 89 - -76) + (1 - 16) + -1.
-25
Calculate -12 + -7 + 26 + -4.
3
What is the value of -19 - (20 - 8) - -28?
-3
-3 - (26 + -22) - (-1 + 1 + 1)
-8
What is the value of -1 + (7 - -2 - (-1 + (8 - 6)))?
7
What is 3 + (0 - 10) - (58 - 52)?
-13
Calculate (6 - -2) + -2 + 6 + -10 + 14.
16
Calculate -5 - -1 - (19 + -18 + 7).
-12
Evaluate 15 - 31 - -17 - -33 - 16.
18
Evaluate -15 - (39 + -25 + -12 + -3 + 0).
-14
What is the value of 2 + 15 + -24 + (21 - 3)?
11
Calculate (66 - (-7 + 66)) + (-6 - -1) + 0.
2
6 + 0 + (-21 - -34)
19
Calculate (560 - 557) + -12 + 1.
-8
What is 49 + -44 - ((0 - (1 - 0)) + -1)?
7
46 - (6 - (-20 + 0))
20
What is the value of 6 - (-18 + (11 - 24) + 15)?
22
(-14 - (-3 - -3)) + 79 + -59
6
Calculate 9 + (1 + -10 - -20 - 6).
14
What is the value of 4 - (0 + -3 - -31)?
-24
What is -23 + (5 - (-7 - (-5 + 4)))?
-12
What is (5 - 24) + 13 - (-15 + 0)?
9
What is -13 + 7 + -2 + 4?
-4
6 - 12 - (8 - (5 - 2))
-11
What is the value of 17 + -6 + (-8 - 2)?
1
(16 - -4) + (-1 + (-7 - -8) - 8)
12
Evaluate (-1 - 6) + 12 + 13.
18
-8 + -8 + 28 + -5
7
What is the value of 221 - 225 - (1 + 6)?
-11
Calculate 5 - (8 + (-1 - 2) - (27 - 20)).
7
Evaluate -9 + (5 - (1 - -10) - -12).
-3
Calculate (32 - 12 - (2 + -3)) + -2 - -5.
24
What is the value of (-11 - -13 - -4) + -9?
-3
Evaluate (1 - -23) + (-268 - -247).
3
What is -28 - (24 + (19 - 37))?
-34
0 - (4 - 1) - (-2 + -10) - -4
13
Evaluate -1 + 6 + 7 + 4 + -8.
8
Evaluate 31 + ((6 - 12) + 0 - 2).
23
What is 9 - (3 - (5 - 11 - -8))?
8
What is the value of 0 + 4 - (19 + -27)?
12
What is 8 - 3 - (-1 - 5) - 4 - 4?
3
Calculate (13 + -12 - (-10 - -18)) + 23 + -2.
14
Calculate 256 + -247 - (3 + -10 + (2 - 3)).
17
0 + -9 + 16 - (16 + -1 - 0)
-8
Calculate (11 + -14 + (7 - -4) - 39) + 8.
-23
What is 5 - (-2 - 0) - (-12 - -7)?
12
What is the value of 6 + (-3 - -12 - 5) + -4 + -2?
4
What is the value of -20 - (18 + (16 - 60))?
6
Evaluate (-1 - -3 - (-5 + 6)) + (3 - 1).
3
-7 + ((11 - (6 - 0)) + -4 - -3)
-3
-7 + (-14 - -24 - (1 + -7)) - -11
20
What is (-15 - 21) + -1 + -12 + 13?
-36
What is (-70 - -66) + -2 + 9?
3
-11 - (14 + (-6 - (8 - -12)))
1
What is (-1 - (-17 + 15)) + -13?
-12
What is -83 + 79 + 1 + -8 - -5?
-6
Evaluate -9 + (-11 - (-3 + -2)) + 10 + 22.
17
Evaluate 4 + (33 + -41 - (-6 - 1)) + 4.
7
Calculate -4 + 1 - (8 + -37 - -37).
-11
Evaluate 18 + 6 + 10 + -33 - (21 - 3).
-17
Calculate 22 - 27 - (-44 + 7 + 6).
26
What is the value of 0 + -10 - (-3 - (4 + -20))?
-23
What is the value of (-7 + 10 + -9 - 1) + 4 + -3?
-6
(22 - 26 - (0 + 3)) + 1
-6
1 + 9 - ((-32 - (-29 + 12)) + 17)
8
Calculate -11 - ((6 - 1 - 11) + 11).
-16
0 - 3 - (0 - 10) - 5
2
Calculate -10 + -6 - (-2 + -6) - -15.
7
Evaluate (1 - (-2 - -9)) + (-251 - -240).
-17
12 + -40 + 13 - -20
5
Evaluate 0 + 9 - (44 - 36) - 0 - -4.
5
Evaluate -6 + (-10 - ((-6 - -8) + -1 + 7)).
-24
Evaluate -8 + 4 + (-7 - -9).
-2
Evaluate 2 + (-1 + -2 - (-21 + 8 - -7)).
5
What is -5 + (7 + -6 - 4 - -9 - -2)?
3
21 + -6 + (-1 + 2 - (-11 + 14))
13
Calculate -1 + (11 - 8) + (5 - -5).
12
What is -5 + 2 + -4 + (12 - 4)?
1
Evaluate -8 - (5 + -13 + -2) - (8 - -1).
-7
Evaluate 53 - 30 - 47 - 13.
-37
Calculate -3 - (11 - (-11 - (-12 - -7))).
-20
12 + -13 - 22 - (9 - (6 - 4))
-30
What is 13 + 6 + (32 - 42) + -8?
1
-18 - (2 - 15 - 6)
1
What is the value of 6 + 6 + -2 + 5 + 3?
18
What is 4 + (-69 - -73 - (16 - (1 - 2)))?
-9
Evaluate 1 + -3 + 1 + 10 + -16 + -4.
-11
What is the value of 7 - (3 - 4) - 3 - (-5 - -5)?
5
(1 - -16) + (0 - -5 - (-269 + 273))
18
Evaluate 9 + -1 - (23 + -28).
13
What is the value of 6 + (-6 - -5) + (-3 - -3)?
5
Evaluate -4 + 4 + -1 - 0 - (0 + 0).
-1
42 - 35 - (-2 - 22 - -3) - 8
20
What is the value of -23 - (-25 - -10 - 2)?
-6
Evaluate -9 + -2 + 6 - (7 + -3 + -6).
-3
What is the value of -45 - -17 - (1 + -45)?
16
Calculate 12 - 1 - (54 + -24 - 26) - 11.
-4
Evaluate 33 - (-51 + 17 - -71).
-4
What is the value of (-14 - 13) + 11 - -12?
-4
45 + -68 + (-1 - -13) + 26
15
What is -1 - (0 + 17 + -6)?
-12
Evaluate -36 - (83 - 120) - (29 + (-1 - -2)).
-29
(8 - 10) + -8 + 13
3
Evaluate (23 - (-3 - -66)) + 31.
-9
Evaluate 3 - (7 + 0 + (-7 - -9) - 13).
7
What is the value of 9 - (13 + 4 - 9) - -6?
7
What is the value of 20 + 1 - (227 - 195)?
-11
What is 6 - ((-7 - -4) + 5 - 2)?
6
Calculate 5 + (-14 - (-10 + (18 - 10))) + 30.
23
-2 - (-2 - -4) - -7 - (-38 + 31)
10
Calculate (-4 + -2 - (106 + -107)) + 0.
-5
Evaluate -2 + (2 - -8) - (137 - 155).
26
What is -21 - ((-6 - (3 + -2 + 3)) + 9)?
-20
What is the value of (9 - (-38 - -29)) + -4?
14
What is (4 - 6) + 3 + -11 - (0 + -5)?
-5
-20 - (10 - -2 - (27 + -9 + -8))
-22
Calculate (-23 - (12 - 15)) + -4 + 14.
-10
-1 - -10 - (11 + (-17 - 7) - -45)
-23
What is ((-3 - -21) + -7 - 9) + -7?
-5
Evaluate -2 + -2 + (-5 - 5) + 5 - -15.
6
What is 15 + -6 + 14 - (5 - 5) - 0?
23
Evaluate 0 - -1 - (-6 - -2